{"id":77,"date":"2019-12-03T22:00:59","date_gmt":"2019-12-03T21:00:59","guid":{"rendered":"https:\/\/dampol.de\/index.php\/pawilon-5\/"},"modified":"2026-05-08T10:44:23","modified_gmt":"2026-05-08T08:44:23","slug":"pawilon-5","status":"publish","type":"page","link":"https:\/\/dampol.de\/index.php\/pawilon-5\/","title":{"rendered":"PAWILON 5"},"content":{"rendered":"<p>[et_pb_section fb_built=&#8221;1&#8243; _builder_version=&#8221;4.16&#8243; global_colors_info=&#8221;{}&#8221;][et_pb_row column_structure=&#8221;1_3,2_3&#8243; _builder_version=&#8221;4.16&#8243; global_colors_info=&#8221;{}&#8221;][et_pb_column type=&#8221;1_3&#8243; _builder_version=&#8221;4.16&#8243; global_colors_info=&#8221;{}&#8221;][et_pb_text _builder_version=&#8221;4.16&#8243; header_font=&#8221;Poppins|600||on|||||&#8221; header_text_color=&#8221;#181724&#8243; header_font_size=&#8221;35px&#8221; header_line_height=&#8221;1.2em&#8221; header_font_size_tablet=&#8221;&#8221; header_font_size_phone=&#8221;25px&#8221; header_font_size_last_edited=&#8221;on|desktop&#8221; global_colors_info=&#8221;{}&#8221;]<\/p>\n<h1>\nPAVILON 5<br \/>\n<\/h1>\n<p>[\/et_pb_text][et_pb_divider color=&#8221;#C11414&#8243; divider_weight=&#8221;4px&#8221; _builder_version=&#8221;4.16&#8243; max_width=&#8221;60px&#8221; module_alignment=&#8221;left&#8221; custom_margin=&#8221;-9px||&#8221; custom_margin_tablet=&#8221;-22px||16px&#8221; custom_margin_phone=&#8221;-24px||15px&#8221; custom_margin_last_edited=&#8221;on|tablet&#8221; global_colors_info=&#8221;{}&#8221;][\/et_pb_divider][et_pb_text _builder_version=&#8221;4.27.4&#8243; text_font=&#8221;Poppins||||||||&#8221; text_text_color=&#8221;#171724&#8243; text_font_size=&#8221;15px&#8221; text_line_height=&#8221;2em&#8221; max_width=&#8221;516px&#8221; max_width_tablet=&#8221;100%&#8221; max_width_phone=&#8221;&#8221; max_width_last_edited=&#8221;on|desktop&#8221; custom_margin=&#8221;-15px||&#8221; custom_padding=&#8221;|||||true&#8221; hover_enabled=&#8221;0&#8243; text_text_align=&#8221;left&#8221; global_colors_info=&#8221;{}&#8221; sticky_enabled=&#8221;0&#8243;]<\/p>\n<p><strong><span style=\"color: #ff0000;\">Moderne Klimaanlage, die per Fernbedienung und \u00fcber die Wi-Fi-Anwendung am Telefon gesteuert wird. Die Klimaanlage verf\u00fcgt \u00fcber Heizoptionen mit Regulierung und Luftionisierung 1199 euro netto\u00a0<\/span><\/strong><\/p>\n<p>Sehr gute Qualit\u00e4t,<\/p>\n<p>KRAN \u2013 FREE !!!!!<\/p>\n<p>Wir haben Au\u00dfendekorationen aus Echtholz oder Blechimitat Holz<\/p>\n<p dir=\"ltr\">9x3m \u2013 11899 euro netto + Kren free<\/p>\n<p dir=\"ltr\"><span>8x3m \u2013 10899 euro netto + Kren free<\/span><\/p>\n<p dir=\"ltr\"><span>7x3m &#8211; 9899 euro netto\u00a0<\/span><\/p>\n<p dir=\"ltr\"><span>M\u00f6glichkeit der Installation einer kleinen K\u00fcche oder Toilette oder Badezimmer mit Dusche, zus\u00e4tzliche R\u00e4ume oder Fenster.<\/span><\/p>\n<p dir=\"ltr\">\n<p dir=\"ltr\"><span><\/span><\/p>\n<p dir=\"ltr\"><span>Liferung +\/- 5 woche\u00a0<\/span><\/p>\n<p>\u00a0Minik\u00fcche mit Warmwasserbereitung EUR 899 netto<\/p>\n<p dir=\"ltr\">\n<p><span>M\u00f6glichkeit der Installation einer kleinen K\u00fcche oder Toilette oder Badezimmer mit Dusche, zus\u00e4tzliche R\u00e4ume oder Fenster.<\/span><\/p>\n<p>&nbsp;<\/p>\n<p>Der Preis beinhaltet den Transport<\/p>\n<p>Entladen mit dem Kran<\/p>\n<p>F\u00fcr Unternehmen mit EU USt-IdNr. wird keine MwSt. berechnet (Preis gleich Mitnahmepreis).<\/p>\n<p>Transport ist im Preis inbegriffen<\/p>\n<p>12 Monate Gew\u00e4hrleistung<\/p>\n<p>&nbsp;<\/p>\n<p>Der Pavillon besteht aus Sandwichelementen mit einem 100 mm dicken Schaumkern. Feuerhemmendes Polystyrolschaum mit Feuerwiderstandsklasse E60 \u2013 RAL 7016 Anthrazit (Graphit) \u2013 Styropor nicht brandausbreitend mit Feuerwiderstandsklasse E60: RAL-Au\u00dfenfarbe zu bestimmen.<\/p>\n<p>Der Boden besteht aus Sandwichelementen mit einem Kern aus 100 mm Polyurethan. W\u00e4rmedurchl\u00e4ssigkeit 0,21 W \/ m2K. Feuerhemmendes Polyurethan mit PVC-Bodenbelag der Feuerwiderstandsklasse E60 OSB 12 mm.<\/p>\n<p>.LED-Beleuchtung ( 2x 36w )<br \/>12 Monate Gew\u00e4hrleistung<br \/>Verkaufspavillon Verkaufscontainer B\u00fcrocontainer Handel Kiosk Designerb\u00fcro<\/p>\n<p>Klimaanlage mit Heizm\u00f6glichkeit an kalten Tagen \u2013 1099 euro netto<\/p>\n<p>&nbsp;<\/p>\n<p>Pavillons mit voller Elektrik \u2013 Schalter x 2 Stk., Doppelsteckdose x 2 Stk. Kasten mit Sicherungen, alle in Streifen verteilt.<br \/>Sites x2 + verglaste Aluminiumt\u00fcren.<\/p>\n<p>Bei Ausf\u00fchrung der Bestellung ist zun\u00e4chst eine Zahlung von 15% auf das Konto Der Restbetrag ist bei Lieferung zu zahlen<\/p>\n<p>[\/et_pb_text][\/et_pb_column][et_pb_column type=&#8221;2_3&#8243; _builder_version=&#8221;4.16&#8243; global_colors_info=&#8221;{}&#8221;][et_pb_gallery gallery_ids=&#8221;2298,2302,2305,1589,1465,1971,1586,1587,1585,1577,1970,1588,1464,1575,1462,2300,1519,1576,1461,1390,1187,1351,1805,1804,2455,2454,2453&#8243; posts_number=&#8221;25&#8243; show_title_and_caption=&#8221;off&#8221; show_pagination=&#8221;off&#8221; zoom_icon_color=&#8221;#000000&#8243; hover_overlay_color=&#8221;rgba(255,255,255,0.49)&#8221; hover_icon=&#8221;&#x54;||divi||400&#8243; _builder_version=&#8221;4.27.4&#8243; global_colors_info=&#8221;{}&#8221;][\/et_pb_gallery][\/et_pb_column][\/et_pb_row][\/et_pb_section][et_pb_section fb_built=&#8221;1&#8243; _builder_version=&#8221;4.16&#8243; background_color=&#8221;#15224D&#8221; custom_padding=&#8221;24px||24px||true&#8221; global_colors_info=&#8221;{}&#8221;][et_pb_row use_custom_gutter=&#8221;on&#8221; gutter_width=&#8221;2&#8243; make_equal=&#8221;on&#8221; _builder_version=&#8221;4.16&#8243; width=&#8221;98%&#8221; width_tablet=&#8221;90%&#8221; width_phone=&#8221;90%&#8221; width_last_edited=&#8221;on|tablet&#8221; max_width=&#8221;1140px&#8221; max_width_tablet=&#8221;90%&#8221; max_width_phone=&#8221;90%&#8221; max_width_last_edited=&#8221;on|phone&#8221; custom_padding=&#8221;|||||&#8221; global_colors_info=&#8221;{}&#8221;][et_pb_column type=&#8221;4_4&#8243; _builder_version=&#8221;4.16&#8243; global_colors_info=&#8221;{}&#8221;][et_pb_text _builder_version=&#8221;4.16&#8243; header_font=&#8221;Poppins|600||on|||||&#8221; header_text_align=&#8221;left&#8221; header_text_color=&#8221;#ffffff&#8221; header_font_size=&#8221;28px&#8221; header_line_height=&#8221;1.2em&#8221; custom_padding=&#8221;5px||&#8221; header_font_size_tablet=&#8221;&#8221; header_font_size_phone=&#8221;25px&#8221; header_font_size_last_edited=&#8221;on|desktop&#8221; global_colors_info=&#8221;{}&#8221;]<\/p>\n<h1 style=\"text-align: center;\">E-mail<\/p>\n<p>KOMMERZIELLE PAVILLONS<br \/>\n<\/h1>\n<p>[\/et_pb_text][\/et_pb_column][\/et_pb_row][\/et_pb_section]<\/p>\n","protected":false},"excerpt":{"rendered":"<p>PAVILON 5 Moderne Klimaanlage, die per Fernbedienung und \u00fcber die Wi-Fi-Anwendung am Telefon gesteuert wird. Die Klimaanlage verf\u00fcgt \u00fcber Heizoptionen mit Regulierung und Luftionisierung 1199 euro netto\u00a0 Sehr gute Qualit\u00e4t, KRAN \u2013 FREE !!!!! Wir haben Au\u00dfendekorationen aus Echtholz oder Blechimitat Holz 9x3m \u2013 11899 euro netto + Kren free 8x3m \u2013 10899 euro netto [&hellip;]<\/p>\n","protected":false},"author":1,"featured_media":0,"parent":0,"menu_order":0,"comment_status":"closed","ping_status":"closed","template":"","meta":{"_et_pb_use_builder":"on","_et_pb_old_content":"","_et_gb_content_width":"","footnotes":""},"class_list":["post-77","page","type-page","status-publish","hentry"],"yoast_head":"<!-- This site is optimized with the Yoast SEO plugin v27.5 - https:\/\/yoast.com\/product\/yoast-seo-wordpress\/ -->\n<title>B\u00fcrocontainer - Dampol<\/title>\n<meta name=\"description\" content=\"B\u00fcrocontainer Wir produzieren Container und B\u00fcrocontainer f\u00fcr Unternehmen und Privathaushalte in verschiedenen Gr\u00f6\u00dfen\" \/>\n<meta name=\"robots\" content=\"index, follow, max-snippet:-1, max-image-preview:large, max-video-preview:-1\" \/>\n<link rel=\"canonical\" href=\"https:\/\/dampol.de\/index.php\/pawilon-5\/\" \/>\n<meta property=\"og:locale\" content=\"pl_PL\" \/>\n<meta property=\"og:type\" content=\"article\" \/>\n<meta property=\"og:title\" content=\"B\u00fcrocontainer - Dampol\" \/>\n<meta property=\"og:description\" content=\"B\u00fcrocontainer Wir produzieren Container und B\u00fcrocontainer f\u00fcr Unternehmen und Privathaushalte in verschiedenen Gr\u00f6\u00dfen\" \/>\n<meta property=\"og:url\" content=\"https:\/\/dampol.de\/index.php\/pawilon-5\/\" \/>\n<meta property=\"og:site_name\" content=\"B\u00fcrocontainer - Dampol\" \/>\n<meta property=\"article:publisher\" content=\"http:\/\/dampol.de\" \/>\n<meta property=\"article:modified_time\" content=\"2026-05-08T08:44:23+00:00\" \/>\n<meta name=\"twitter:card\" content=\"summary_large_image\" \/>\n<meta name=\"twitter:site\" content=\"@DAMPOL\" \/>\n<meta name=\"twitter:label1\" content=\"Szacowany czas czytania\" \/>\n\t<meta name=\"twitter:data1\" content=\"3 minuty\" \/>\n<script type=\"application\/ld+json\" class=\"yoast-schema-graph\">{\"@context\":\"https:\\\/\\\/schema.org\",\"@graph\":[{\"@type\":\"WebPage\",\"@id\":\"https:\\\/\\\/dampol.de\\\/index.php\\\/pawilon-5\\\/\",\"url\":\"https:\\\/\\\/dampol.de\\\/index.php\\\/pawilon-5\\\/\",\"name\":\"B\u00fcrocontainer - Dampol\",\"isPartOf\":{\"@id\":\"https:\\\/\\\/dampol.de\\\/#website\"},\"datePublished\":\"2019-12-03T21:00:59+00:00\",\"dateModified\":\"2026-05-08T08:44:23+00:00\",\"description\":\"B\u00fcrocontainer Wir produzieren Container und B\u00fcrocontainer f\u00fcr Unternehmen und Privathaushalte in verschiedenen Gr\u00f6\u00dfen\",\"breadcrumb\":{\"@id\":\"https:\\\/\\\/dampol.de\\\/index.php\\\/pawilon-5\\\/#breadcrumb\"},\"inLanguage\":\"pl-PL\",\"potentialAction\":[{\"@type\":\"ReadAction\",\"target\":[\"https:\\\/\\\/dampol.de\\\/index.php\\\/pawilon-5\\\/\"]}]},{\"@type\":\"BreadcrumbList\",\"@id\":\"https:\\\/\\\/dampol.de\\\/index.php\\\/pawilon-5\\\/#breadcrumb\",\"itemListElement\":[{\"@type\":\"ListItem\",\"position\":1,\"name\":\"Home\",\"item\":\"https:\\\/\\\/dampol.de\\\/\"},{\"@type\":\"ListItem\",\"position\":2,\"name\":\"PAWILON 5\"}]},{\"@type\":\"WebSite\",\"@id\":\"https:\\\/\\\/dampol.de\\\/#website\",\"url\":\"https:\\\/\\\/dampol.de\\\/\",\"name\":\"Dampol Pawilony\",\"description\":\"B\u00fcrocontainer   Wir produzieren Container und B\u00fcrocontainer f\u00fcr Unternehmen und Privathaushalte in verschiedenen Gr\u00f6\u00dfen\",\"publisher\":{\"@id\":\"https:\\\/\\\/dampol.de\\\/#organization\"},\"potentialAction\":[{\"@type\":\"SearchAction\",\"target\":{\"@type\":\"EntryPoint\",\"urlTemplate\":\"https:\\\/\\\/dampol.de\\\/?s={search_term_string}\"},\"query-input\":{\"@type\":\"PropertyValueSpecification\",\"valueRequired\":true,\"valueName\":\"search_term_string\"}}],\"inLanguage\":\"pl-PL\"},{\"@type\":\"Organization\",\"@id\":\"https:\\\/\\\/dampol.de\\\/#organization\",\"name\":\"Dampol\",\"url\":\"https:\\\/\\\/dampol.de\\\/\",\"logo\":{\"@type\":\"ImageObject\",\"inLanguage\":\"pl-PL\",\"@id\":\"https:\\\/\\\/dampol.de\\\/#\\\/schema\\\/logo\\\/image\\\/\",\"url\":\"https:\\\/\\\/dampol.de\\\/wp-content\\\/uploads\\\/2020\\\/01\\\/IMG_20191222_132827-7.jpg\",\"contentUrl\":\"https:\\\/\\\/dampol.de\\\/wp-content\\\/uploads\\\/2020\\\/01\\\/IMG_20191222_132827-7.jpg\",\"width\":1800,\"height\":2397,\"caption\":\"Dampol\"},\"image\":{\"@id\":\"https:\\\/\\\/dampol.de\\\/#\\\/schema\\\/logo\\\/image\\\/\"},\"sameAs\":[\"http:\\\/\\\/dampol.de\",\"https:\\\/\\\/x.com\\\/DAMPOL\"]}]}<\/script>\n<!-- \/ Yoast SEO plugin. -->","yoast_head_json":{"title":"B\u00fcrocontainer - Dampol","description":"B\u00fcrocontainer Wir produzieren Container und B\u00fcrocontainer f\u00fcr Unternehmen und Privathaushalte in verschiedenen Gr\u00f6\u00dfen","robots":{"index":"index","follow":"follow","max-snippet":"max-snippet:-1","max-image-preview":"max-image-preview:large","max-video-preview":"max-video-preview:-1"},"canonical":"https:\/\/dampol.de\/index.php\/pawilon-5\/","og_locale":"pl_PL","og_type":"article","og_title":"B\u00fcrocontainer - Dampol","og_description":"B\u00fcrocontainer Wir produzieren Container und B\u00fcrocontainer f\u00fcr Unternehmen und Privathaushalte in verschiedenen Gr\u00f6\u00dfen","og_url":"https:\/\/dampol.de\/index.php\/pawilon-5\/","og_site_name":"B\u00fcrocontainer - Dampol","article_publisher":"http:\/\/dampol.de","article_modified_time":"2026-05-08T08:44:23+00:00","twitter_card":"summary_large_image","twitter_site":"@DAMPOL","twitter_misc":{"Szacowany czas czytania":"3 minuty"},"schema":{"@context":"https:\/\/schema.org","@graph":[{"@type":"WebPage","@id":"https:\/\/dampol.de\/index.php\/pawilon-5\/","url":"https:\/\/dampol.de\/index.php\/pawilon-5\/","name":"B\u00fcrocontainer - Dampol","isPartOf":{"@id":"https:\/\/dampol.de\/#website"},"datePublished":"2019-12-03T21:00:59+00:00","dateModified":"2026-05-08T08:44:23+00:00","description":"B\u00fcrocontainer Wir produzieren Container und B\u00fcrocontainer f\u00fcr Unternehmen und Privathaushalte in verschiedenen Gr\u00f6\u00dfen","breadcrumb":{"@id":"https:\/\/dampol.de\/index.php\/pawilon-5\/#breadcrumb"},"inLanguage":"pl-PL","potentialAction":[{"@type":"ReadAction","target":["https:\/\/dampol.de\/index.php\/pawilon-5\/"]}]},{"@type":"BreadcrumbList","@id":"https:\/\/dampol.de\/index.php\/pawilon-5\/#breadcrumb","itemListElement":[{"@type":"ListItem","position":1,"name":"Home","item":"https:\/\/dampol.de\/"},{"@type":"ListItem","position":2,"name":"PAWILON 5"}]},{"@type":"WebSite","@id":"https:\/\/dampol.de\/#website","url":"https:\/\/dampol.de\/","name":"Dampol Pawilony","description":"B\u00fcrocontainer   Wir produzieren Container und B\u00fcrocontainer f\u00fcr Unternehmen und Privathaushalte in verschiedenen Gr\u00f6\u00dfen","publisher":{"@id":"https:\/\/dampol.de\/#organization"},"potentialAction":[{"@type":"SearchAction","target":{"@type":"EntryPoint","urlTemplate":"https:\/\/dampol.de\/?s={search_term_string}"},"query-input":{"@type":"PropertyValueSpecification","valueRequired":true,"valueName":"search_term_string"}}],"inLanguage":"pl-PL"},{"@type":"Organization","@id":"https:\/\/dampol.de\/#organization","name":"Dampol","url":"https:\/\/dampol.de\/","logo":{"@type":"ImageObject","inLanguage":"pl-PL","@id":"https:\/\/dampol.de\/#\/schema\/logo\/image\/","url":"https:\/\/dampol.de\/wp-content\/uploads\/2020\/01\/IMG_20191222_132827-7.jpg","contentUrl":"https:\/\/dampol.de\/wp-content\/uploads\/2020\/01\/IMG_20191222_132827-7.jpg","width":1800,"height":2397,"caption":"Dampol"},"image":{"@id":"https:\/\/dampol.de\/#\/schema\/logo\/image\/"},"sameAs":["http:\/\/dampol.de","https:\/\/x.com\/DAMPOL"]}]}},"_links":{"self":[{"href":"https:\/\/dampol.de\/index.php\/wp-json\/wp\/v2\/pages\/77","targetHints":{"allow":["GET"]}}],"collection":[{"href":"https:\/\/dampol.de\/index.php\/wp-json\/wp\/v2\/pages"}],"about":[{"href":"https:\/\/dampol.de\/index.php\/wp-json\/wp\/v2\/types\/page"}],"author":[{"embeddable":true,"href":"https:\/\/dampol.de\/index.php\/wp-json\/wp\/v2\/users\/1"}],"replies":[{"embeddable":true,"href":"https:\/\/dampol.de\/index.php\/wp-json\/wp\/v2\/comments?post=77"}],"version-history":[{"count":29,"href":"https:\/\/dampol.de\/index.php\/wp-json\/wp\/v2\/pages\/77\/revisions"}],"predecessor-version":[{"id":2742,"href":"https:\/\/dampol.de\/index.php\/wp-json\/wp\/v2\/pages\/77\/revisions\/2742"}],"wp:attachment":[{"href":"https:\/\/dampol.de\/index.php\/wp-json\/wp\/v2\/media?parent=77"}],"curies":[{"name":"wp","href":"https:\/\/api.w.org\/{rel}","templated":true}]}}