{"id":1397,"date":"2022-12-01T08:45:11","date_gmt":"2022-12-01T07:45:11","guid":{"rendered":"https:\/\/dampol.de\/?page_id=1397"},"modified":"2025-08-27T19:14:16","modified_gmt":"2025-08-27T17:14:16","slug":"pawilon-9","status":"publish","type":"page","link":"https:\/\/dampol.de\/index.php\/pawilon-9\/","title":{"rendered":"PAWILON 9"},"content":{"rendered":"<p>[et_pb_section fb_built=&#8221;1&#8243; _builder_version=&#8221;4.16&#8243; global_colors_info=&#8221;{}&#8221;][et_pb_row column_structure=&#8221;1_3,2_3&#8243; _builder_version=&#8221;4.16&#8243; global_colors_info=&#8221;{}&#8221;][et_pb_column type=&#8221;1_3&#8243; _builder_version=&#8221;4.16&#8243; global_colors_info=&#8221;{}&#8221;][et_pb_text _builder_version=&#8221;4.19.2&#8243; header_font=&#8221;Poppins|600||on|||||&#8221; header_text_color=&#8221;#181724&#8243; header_font_size=&#8221;35px&#8221; header_line_height=&#8221;1.2em&#8221; header_font_size_tablet=&#8221;&#8221; header_font_size_phone=&#8221;25px&#8221; header_font_size_last_edited=&#8221;on|desktop&#8221; global_colors_info=&#8221;{}&#8221;]<\/p>\n<h1>PAVILON 9<\/h1>\n<p>[\/et_pb_text][et_pb_divider color=&#8221;#C11414&#8243; divider_weight=&#8221;4px&#8221; _builder_version=&#8221;4.16&#8243; max_width=&#8221;60px&#8221; module_alignment=&#8221;left&#8221; custom_margin=&#8221;-9px||&#8221; custom_margin_tablet=&#8221;-22px||16px&#8221; custom_margin_phone=&#8221;-24px||15px&#8221; custom_margin_last_edited=&#8221;on|tablet&#8221; global_colors_info=&#8221;{}&#8221;][\/et_pb_divider][et_pb_text _builder_version=&#8221;4.27.4&#8243; text_font=&#8221;Poppins||||||||&#8221; text_text_color=&#8221;#171724&#8243; text_font_size=&#8221;15px&#8221; text_line_height=&#8221;2em&#8221; max_width=&#8221;516px&#8221; max_width_tablet=&#8221;100%&#8221; max_width_phone=&#8221;&#8221; max_width_last_edited=&#8221;on|desktop&#8221; custom_margin=&#8221;-15px||&#8221; custom_padding=&#8221;|||||true&#8221; hover_enabled=&#8221;0&#8243; text_text_align=&#8221;left&#8221; global_colors_info=&#8221;{}&#8221; sticky_enabled=&#8221;0&#8243;]<\/p>\n<h5><span style=\"color: #ff0000;\"><strong>Moderne Klimaanlage per Fernbedienung und \u00fcber WLAN-Anwendung am Telefon steuerbar, Klimaanlage verf\u00fcgt \u00fcber Heizm\u00f6glichkeiten mit Regulierung und Luftionisation, 1.099 Euro netto<\/strong><\/span><\/h5>\n<p><span>Sehr gute Qualit\u00e4t,<\/span><br \/><span>Wir produzieren seit mehreren Jahren Pavillons<\/span><\/p>\n<p><span>Wir haben Au\u00dfendekorationen aus Echtholz oder Blechimitat Holz<\/span><\/p>\n<p><span>Aufbau mit Haken + Entladen mit unserem Kran im Preis des Pavillons enthalten<\/span><\/p>\n<p><span style=\"color: #ff0000;\"><strong>Reduzierter Preis bis Ende Dezember !!!!!<\/strong><\/span><\/p>\n<p><span style=\"color: #ff0000;\"><strong>4&#215;3 bis 10&#215;3<\/strong><\/span><\/p>\n<p><span style=\"color: #ff0000;\">7x3m -10999 euro netto<\/span><\/p>\n<p>Alter Preis 12599 euro netto<\/p>\n<p>liferung\u00a0 3 -7\u00a0 woche !!!!!!!!!<\/p>\n<p><span>WC (Toilette + Sp\u00fcle + Schrank f\u00fcr Sp\u00fcle + Warmwasserbereiter) -1199 euro netto<\/span><\/p>\n<p><span>Transport ist im Preis inbegriffen<\/span><\/p>\n<p><span>12 Monate Gew\u00e4hrleistung<\/span><\/p>\n<p><span>Pavillon ist isoliert und<\/span><\/p>\n<p>&nbsp;<\/p>\n<p style=\"font-weight: 400;\">TRANSPORT UND DAS ABLADEN MIT UNSEREM AUTOKRAN IM PREIS BEREITS ENTHALTEN<\/p>\n<p style=\"font-weight: 400;\"><u><strong>Der angegebene Preis ist ein Nettopreis.\u00a0<\/strong><\/u><u><strong>F\u00fcr Unternehmen mit EU USt-IdNr. wird keine MwSt. berechnet. Bei Privatpersonen sind wir dazu gesetzlich verpflichtet 19% MwSt. zus\u00e4tzlich draufrechnen.\u00a0<\/strong>\u00a0<\/u><\/p>\n<p style=\"font-weight: 400;\">Zum Kauf steht ein 700&#215;300 cm zeitlos moderner und ganzj\u00e4hriger<\/p>\n<p><span style=\"font-weight: 400;\">\u00a0B\u00fcro- und Wohncontainer.\u00a0<\/span><\/p>\n<p style=\"font-weight: 400;\">All unsere Container sind auf einem sehr stabilen Rahmen gebaut, sowie f\u00fcr den Transport mit Kran-\u00d6sen versehen.Dadurch ist es m\u00f6glich, den Container mehrfach zu transportieren.\u00a0\u00a0Zus\u00e4tzlich haben wir ihn mit einer\u00a0Konstruktion aus\u00a0\u00a0Stahlprofil\u00a0100x100mm verst\u00e4rkt.\u00a0Bei Bedarf bauen wir auch Container mit Statik und vorgegebener\u00a0Dokumentation sowie technischer Planung.<\/p>\n<p>&nbsp;<\/p>\n<p style=\"font-weight: 400;\">Der Boden wurde aus 100 mm dicken Polyurethan-Kern\u00a0(W\u00e4rmedurchgangskoeffizient 0,22 W\/m2K)\u00a0und die W\u00e4nde sowie das Dach aus\u00a0100 mm\u00a0dicken Polystyrol-Kern\u00a0(W\u00e4rmedurchgangskoeffizient 0,38 W\/m2K)\u00a0Sandwichplatten gefertigt.<\/p>\n<p style=\"font-weight: 400;\">Im Preis inbegriffen\u00a0ist\u00a0die Elektrik (Sicherungskasten, Deckenleuchten, Doppelsteckdosen, Schalter).<\/p>\n<p style=\"font-weight: 400;\">Es besteht die\u00a0\u00a0M\u00f6glichkeit weitere Fenster, Glasvitrinen, T\u00fcren, sowie eine Klimaanlage einzubauen. Unsere Klimaanlage besitzt zudem die Funktion der Ionisierung und filtert Partikel, wie z.B Bakterien und Viren, Pollen, Milbeneier und\u00a0 -ausscheidungen, St\u00e4ube, Aerosole und Rauchpartikel. Solch eine Klimaanlage kostet 1099,- Euro.<\/p>\n<p style=\"font-weight: 400;\">Zus\u00e4tzlich\u00a0k\u00f6nnen\u00a0wir Ihnen eine Raumunterteilung\u00a0im Container anbieten, wie z.B ein komplett ausgestattetes\u00a0Badezimmer mit Dusche, Waschbecken, Toilette oder eine K\u00fcche mit bereits eingebauter K\u00fcchenzeile.<\/p>\n<p style=\"font-weight: 400;\">Sie k\u00f6nnen\u00a0den Container au\u00dfen sowie innen individuell nach Ihren Bed\u00fcrfnissen und W\u00fcnschen\u00a0zusammenstellen, wir bieten auch andere Farben, Gr\u00f6\u00dfen und Designs an.<\/p>\n<p style=\"font-weight: 400;\"><strong><u>BITTE KONTAKTIEREN SIE UNS BEZ\u00dcGLICH\u00a0DER VERF\u00dcGBARKEIT UND LIEFERTERMINE SOWIE AENDERUNGSW\u00dcNSCHEN.<\/u>\u00a0<\/strong><\/p>\n<p>Der angegebene Preis ist ein Nettopreis. Ebay gibt ihn leider f\u00e4lschlicherweise als Bruttopreis an.\u00a0 We speak\u00a0German, English &amp; Polish<\/p>\n<p>[\/et_pb_text][\/et_pb_column][et_pb_column type=&#8221;2_3&#8243; _builder_version=&#8221;4.16&#8243; global_colors_info=&#8221;{}&#8221;][et_pb_gallery gallery_ids=&#8221;2211,2210,2209,1788,1478,1460,1091,1613,2455,2454,2453&#8243; posts_number=&#8221;25&#8243; show_title_and_caption=&#8221;off&#8221; show_pagination=&#8221;off&#8221; zoom_icon_color=&#8221;#000000&#8243; hover_overlay_color=&#8221;rgba(255,255,255,0.49)&#8221; hover_icon=&#8221;&#x54;||divi||400&#8243; _builder_version=&#8221;4.27.4&#8243; global_colors_info=&#8221;{}&#8221;][\/et_pb_gallery][\/et_pb_column][\/et_pb_row][\/et_pb_section][et_pb_section fb_built=&#8221;1&#8243; _builder_version=&#8221;4.16&#8243; background_color=&#8221;#15224D&#8221; custom_padding=&#8221;24px||24px||true&#8221; global_colors_info=&#8221;{}&#8221;][et_pb_row use_custom_gutter=&#8221;on&#8221; gutter_width=&#8221;2&#8243; make_equal=&#8221;on&#8221; _builder_version=&#8221;4.16&#8243; width=&#8221;98%&#8221; width_tablet=&#8221;90%&#8221; width_phone=&#8221;90%&#8221; width_last_edited=&#8221;on|tablet&#8221; max_width=&#8221;1140px&#8221; max_width_tablet=&#8221;90%&#8221; max_width_phone=&#8221;90%&#8221; max_width_last_edited=&#8221;on|phone&#8221; custom_padding=&#8221;|||||&#8221; global_colors_info=&#8221;{}&#8221;][et_pb_column type=&#8221;4_4&#8243; _builder_version=&#8221;4.16&#8243; global_colors_info=&#8221;{}&#8221;][et_pb_text _builder_version=&#8221;4.16&#8243; header_font=&#8221;Poppins|600||on|||||&#8221; header_text_align=&#8221;left&#8221; header_text_color=&#8221;#ffffff&#8221; header_font_size=&#8221;28px&#8221; header_line_height=&#8221;1.2em&#8221; custom_padding=&#8221;5px||&#8221; header_font_size_tablet=&#8221;&#8221; header_font_size_phone=&#8221;25px&#8221; header_font_size_last_edited=&#8221;on|desktop&#8221; global_colors_info=&#8221;{}&#8221;]<\/p>\n<h1 style=\"text-align: center;\">E-mail<\/p>\n<p>KOMMERZIELLE PAVILLONS<br \/>\n<\/h1>\n<p>[\/et_pb_text][\/et_pb_column][\/et_pb_row][\/et_pb_section]<\/p>\n","protected":false},"excerpt":{"rendered":"<p>PAVILON 9Moderne Klimaanlage per Fernbedienung und \u00fcber WLAN-Anwendung am Telefon steuerbar, Klimaanlage verf\u00fcgt \u00fcber Heizm\u00f6glichkeiten mit Regulierung und Luftionisation, 1.099 Euro netto Sehr gute Qualit\u00e4t,Wir produzieren seit mehreren Jahren Pavillons Wir haben Au\u00dfendekorationen aus Echtholz oder Blechimitat Holz Aufbau mit Haken + Entladen mit unserem Kran im Preis des Pavillons enthalten Reduzierter Preis bis Ende [&hellip;]<\/p>\n","protected":false},"author":1,"featured_media":0,"parent":0,"menu_order":0,"comment_status":"closed","ping_status":"closed","template":"","meta":{"_et_pb_use_builder":"on","_et_pb_old_content":"","_et_gb_content_width":"","footnotes":""},"class_list":["post-1397","page","type-page","status-publish","hentry"],"yoast_head":"<!-- This site is optimized with the Yoast SEO plugin v27.5 - https:\/\/yoast.com\/product\/yoast-seo-wordpress\/ -->\n<title>PAWILON 9 - B\u00fcrocontainer - Dampol<\/title>\n<meta name=\"robots\" content=\"index, follow, max-snippet:-1, max-image-preview:large, max-video-preview:-1\" \/>\n<link rel=\"canonical\" href=\"https:\/\/dampol.de\/index.php\/pawilon-9\/\" \/>\n<meta property=\"og:locale\" content=\"pl_PL\" \/>\n<meta property=\"og:type\" content=\"article\" \/>\n<meta property=\"og:title\" content=\"PAWILON 9 - B\u00fcrocontainer - Dampol\" \/>\n<meta property=\"og:description\" content=\"PAVILON 9Moderne Klimaanlage per Fernbedienung und \u00fcber WLAN-Anwendung am Telefon steuerbar, Klimaanlage verf\u00fcgt \u00fcber Heizm\u00f6glichkeiten mit Regulierung und Luftionisation, 1.099 Euro netto Sehr gute Qualit\u00e4t,Wir produzieren seit mehreren Jahren Pavillons Wir haben Au\u00dfendekorationen aus Echtholz oder Blechimitat Holz Aufbau mit Haken + Entladen mit unserem Kran im Preis des Pavillons enthalten Reduzierter Preis bis Ende [&hellip;]\" \/>\n<meta property=\"og:url\" content=\"https:\/\/dampol.de\/index.php\/pawilon-9\/\" \/>\n<meta property=\"og:site_name\" content=\"B\u00fcrocontainer - Dampol\" \/>\n<meta property=\"article:publisher\" content=\"http:\/\/dampol.de\" \/>\n<meta property=\"article:modified_time\" content=\"2025-08-27T17:14:16+00:00\" \/>\n<meta name=\"twitter:card\" content=\"summary_large_image\" \/>\n<meta name=\"twitter:site\" content=\"@DAMPOL\" \/>\n<meta name=\"twitter:label1\" content=\"Szacowany czas czytania\" \/>\n\t<meta name=\"twitter:data1\" content=\"2 minuty\" \/>\n<script type=\"application\/ld+json\" class=\"yoast-schema-graph\">{\"@context\":\"https:\\\/\\\/schema.org\",\"@graph\":[{\"@type\":\"WebPage\",\"@id\":\"https:\\\/\\\/dampol.de\\\/index.php\\\/pawilon-9\\\/\",\"url\":\"https:\\\/\\\/dampol.de\\\/index.php\\\/pawilon-9\\\/\",\"name\":\"PAWILON 9 - B\u00fcrocontainer - Dampol\",\"isPartOf\":{\"@id\":\"https:\\\/\\\/dampol.de\\\/#website\"},\"datePublished\":\"2022-12-01T07:45:11+00:00\",\"dateModified\":\"2025-08-27T17:14:16+00:00\",\"breadcrumb\":{\"@id\":\"https:\\\/\\\/dampol.de\\\/index.php\\\/pawilon-9\\\/#breadcrumb\"},\"inLanguage\":\"pl-PL\",\"potentialAction\":[{\"@type\":\"ReadAction\",\"target\":[\"https:\\\/\\\/dampol.de\\\/index.php\\\/pawilon-9\\\/\"]}]},{\"@type\":\"BreadcrumbList\",\"@id\":\"https:\\\/\\\/dampol.de\\\/index.php\\\/pawilon-9\\\/#breadcrumb\",\"itemListElement\":[{\"@type\":\"ListItem\",\"position\":1,\"name\":\"Home\",\"item\":\"https:\\\/\\\/dampol.de\\\/\"},{\"@type\":\"ListItem\",\"position\":2,\"name\":\"PAWILON 9\"}]},{\"@type\":\"WebSite\",\"@id\":\"https:\\\/\\\/dampol.de\\\/#website\",\"url\":\"https:\\\/\\\/dampol.de\\\/\",\"name\":\"Dampol Pawilony\",\"description\":\"B\u00fcrocontainer   Wir produzieren Container und B\u00fcrocontainer f\u00fcr Unternehmen und Privathaushalte in verschiedenen Gr\u00f6\u00dfen\",\"publisher\":{\"@id\":\"https:\\\/\\\/dampol.de\\\/#organization\"},\"potentialAction\":[{\"@type\":\"SearchAction\",\"target\":{\"@type\":\"EntryPoint\",\"urlTemplate\":\"https:\\\/\\\/dampol.de\\\/?s={search_term_string}\"},\"query-input\":{\"@type\":\"PropertyValueSpecification\",\"valueRequired\":true,\"valueName\":\"search_term_string\"}}],\"inLanguage\":\"pl-PL\"},{\"@type\":\"Organization\",\"@id\":\"https:\\\/\\\/dampol.de\\\/#organization\",\"name\":\"Dampol\",\"url\":\"https:\\\/\\\/dampol.de\\\/\",\"logo\":{\"@type\":\"ImageObject\",\"inLanguage\":\"pl-PL\",\"@id\":\"https:\\\/\\\/dampol.de\\\/#\\\/schema\\\/logo\\\/image\\\/\",\"url\":\"https:\\\/\\\/dampol.de\\\/wp-content\\\/uploads\\\/2020\\\/01\\\/IMG_20191222_132827-7.jpg\",\"contentUrl\":\"https:\\\/\\\/dampol.de\\\/wp-content\\\/uploads\\\/2020\\\/01\\\/IMG_20191222_132827-7.jpg\",\"width\":1800,\"height\":2397,\"caption\":\"Dampol\"},\"image\":{\"@id\":\"https:\\\/\\\/dampol.de\\\/#\\\/schema\\\/logo\\\/image\\\/\"},\"sameAs\":[\"http:\\\/\\\/dampol.de\",\"https:\\\/\\\/x.com\\\/DAMPOL\"]}]}<\/script>\n<!-- \/ Yoast SEO plugin. -->","yoast_head_json":{"title":"PAWILON 9 - B\u00fcrocontainer - Dampol","robots":{"index":"index","follow":"follow","max-snippet":"max-snippet:-1","max-image-preview":"max-image-preview:large","max-video-preview":"max-video-preview:-1"},"canonical":"https:\/\/dampol.de\/index.php\/pawilon-9\/","og_locale":"pl_PL","og_type":"article","og_title":"PAWILON 9 - B\u00fcrocontainer - Dampol","og_description":"PAVILON 9Moderne Klimaanlage per Fernbedienung und \u00fcber WLAN-Anwendung am Telefon steuerbar, Klimaanlage verf\u00fcgt \u00fcber Heizm\u00f6glichkeiten mit Regulierung und Luftionisation, 1.099 Euro netto Sehr gute Qualit\u00e4t,Wir produzieren seit mehreren Jahren Pavillons Wir haben Au\u00dfendekorationen aus Echtholz oder Blechimitat Holz Aufbau mit Haken + Entladen mit unserem Kran im Preis des Pavillons enthalten Reduzierter Preis bis Ende [&hellip;]","og_url":"https:\/\/dampol.de\/index.php\/pawilon-9\/","og_site_name":"B\u00fcrocontainer - Dampol","article_publisher":"http:\/\/dampol.de","article_modified_time":"2025-08-27T17:14:16+00:00","twitter_card":"summary_large_image","twitter_site":"@DAMPOL","twitter_misc":{"Szacowany czas czytania":"2 minuty"},"schema":{"@context":"https:\/\/schema.org","@graph":[{"@type":"WebPage","@id":"https:\/\/dampol.de\/index.php\/pawilon-9\/","url":"https:\/\/dampol.de\/index.php\/pawilon-9\/","name":"PAWILON 9 - B\u00fcrocontainer - Dampol","isPartOf":{"@id":"https:\/\/dampol.de\/#website"},"datePublished":"2022-12-01T07:45:11+00:00","dateModified":"2025-08-27T17:14:16+00:00","breadcrumb":{"@id":"https:\/\/dampol.de\/index.php\/pawilon-9\/#breadcrumb"},"inLanguage":"pl-PL","potentialAction":[{"@type":"ReadAction","target":["https:\/\/dampol.de\/index.php\/pawilon-9\/"]}]},{"@type":"BreadcrumbList","@id":"https:\/\/dampol.de\/index.php\/pawilon-9\/#breadcrumb","itemListElement":[{"@type":"ListItem","position":1,"name":"Home","item":"https:\/\/dampol.de\/"},{"@type":"ListItem","position":2,"name":"PAWILON 9"}]},{"@type":"WebSite","@id":"https:\/\/dampol.de\/#website","url":"https:\/\/dampol.de\/","name":"Dampol Pawilony","description":"B\u00fcrocontainer   Wir produzieren Container und B\u00fcrocontainer f\u00fcr Unternehmen und Privathaushalte in verschiedenen Gr\u00f6\u00dfen","publisher":{"@id":"https:\/\/dampol.de\/#organization"},"potentialAction":[{"@type":"SearchAction","target":{"@type":"EntryPoint","urlTemplate":"https:\/\/dampol.de\/?s={search_term_string}"},"query-input":{"@type":"PropertyValueSpecification","valueRequired":true,"valueName":"search_term_string"}}],"inLanguage":"pl-PL"},{"@type":"Organization","@id":"https:\/\/dampol.de\/#organization","name":"Dampol","url":"https:\/\/dampol.de\/","logo":{"@type":"ImageObject","inLanguage":"pl-PL","@id":"https:\/\/dampol.de\/#\/schema\/logo\/image\/","url":"https:\/\/dampol.de\/wp-content\/uploads\/2020\/01\/IMG_20191222_132827-7.jpg","contentUrl":"https:\/\/dampol.de\/wp-content\/uploads\/2020\/01\/IMG_20191222_132827-7.jpg","width":1800,"height":2397,"caption":"Dampol"},"image":{"@id":"https:\/\/dampol.de\/#\/schema\/logo\/image\/"},"sameAs":["http:\/\/dampol.de","https:\/\/x.com\/DAMPOL"]}]}},"_links":{"self":[{"href":"https:\/\/dampol.de\/index.php\/wp-json\/wp\/v2\/pages\/1397","targetHints":{"allow":["GET"]}}],"collection":[{"href":"https:\/\/dampol.de\/index.php\/wp-json\/wp\/v2\/pages"}],"about":[{"href":"https:\/\/dampol.de\/index.php\/wp-json\/wp\/v2\/types\/page"}],"author":[{"embeddable":true,"href":"https:\/\/dampol.de\/index.php\/wp-json\/wp\/v2\/users\/1"}],"replies":[{"embeddable":true,"href":"https:\/\/dampol.de\/index.php\/wp-json\/wp\/v2\/comments?post=1397"}],"version-history":[{"count":13,"href":"https:\/\/dampol.de\/index.php\/wp-json\/wp\/v2\/pages\/1397\/revisions"}],"predecessor-version":[{"id":2549,"href":"https:\/\/dampol.de\/index.php\/wp-json\/wp\/v2\/pages\/1397\/revisions\/2549"}],"wp:attachment":[{"href":"https:\/\/dampol.de\/index.php\/wp-json\/wp\/v2\/media?parent=1397"}],"curies":[{"name":"wp","href":"https:\/\/api.w.org\/{rel}","templated":true}]}}